{"id":236459,"date":"2022-07-20T16:17:01","date_gmt":"2022-07-20T14:17:01","guid":{"rendered":"https:\/\/www.sonja-janson.de\/?page_id=236459"},"modified":"2025-02-28T11:37:32","modified_gmt":"2025-02-28T10:37:32","slug":"events","status":"publish","type":"page","link":"https:\/\/www.sonja-janson.de\/en\/events\/","title":{"rendered":"EVENTS"},"content":{"rendered":"<p>[et_pb_section fb_built=&#8221;1&#8243; custom_padding_last_edited=&#8221;off|desktop&#8221; admin_label=&#8221;termine Sektion&#8221; _builder_version=&#8221;4.16&#8243; background_color=&#8221;#2b2b2b&#8221; parallax=&#8221;on&#8221; custom_padding_tablet=&#8221;50px|0|50px|0&#8243; transparent_background=&#8221;off&#8221; padding_mobile=&#8221;off&#8221; make_fullwidth=&#8221;off&#8221; use_custom_width=&#8221;on&#8221; width_unit=&#8221;on&#8221; global_colors_info=&#8221;{}&#8221;][et_pb_row use_custom_gutter=&#8221;on&#8221; gutter_width=&#8221;1&#8243; padding_mobile=&#8221;off&#8221; column_padding_mobile=&#8221;on&#8221; admin_label=&#8221;row&#8221; _builder_version=&#8221;4.16&#8243; background_size=&#8221;initial&#8221; background_position=&#8221;top_left&#8221; background_repeat=&#8221;repeat&#8221; custom_padding=&#8221;||0px|&#8221; make_fullwidth=&#8221;off&#8221; use_custom_width=&#8221;off&#8221; width_unit=&#8221;on&#8221; global_colors_info=&#8221;{}&#8221;][et_pb_column type=&#8221;4_4&#8243; _builder_version=&#8221;4.16&#8243; custom_padding=&#8221;|||&#8221; global_colors_info=&#8221;{}&#8221; custom_padding__hover=&#8221;|||&#8221;][et_pb_text admin_label=&#8221;Aktuelle Ausstellungstermine&#8221; _builder_version=&#8221;4.17.6&#8243; text_text_color=&#8221;#FFFFFF&#8221; header_text_align=&#8221;center&#8221; header_text_color=&#8221;#FFFFFF&#8221; header_2_text_color=&#8221;#FFFFFF&#8221; background_size=&#8221;initial&#8221; background_position=&#8221;top_left&#8221; background_repeat=&#8221;repeat&#8221; text_orientation=&#8221;center&#8221; use_border_color=&#8221;off&#8221; border_color=&#8221;#ffffff&#8221; border_style=&#8221;solid&#8221; global_colors_info=&#8221;{}&#8221;]<\/p>\n<h1>Current Exhibition Dates<\/h1>\n<p>[\/et_pb_text][\/et_pb_column][\/et_pb_row][et_pb_row use_custom_gutter=&#8221;on&#8221; gutter_width=&#8221;1&#8243; padding_mobile=&#8221;on&#8221; make_equal=&#8221;on&#8221; column_padding_mobile=&#8221;on&#8221; admin_label=&#8221;Zeile&#8221; _builder_version=&#8221;4.16&#8243; background_size=&#8221;initial&#8221; background_position=&#8221;top_left&#8221; background_repeat=&#8221;repeat&#8221; max_width=&#8221;1280&#8243; custom_padding=&#8221;0px|0px|0px|0px&#8221; make_fullwidth=&#8221;off&#8221; use_custom_width=&#8221;on&#8221; width_unit=&#8221;on&#8221; custom_width_px=&#8221;1280&#8243; global_colors_info=&#8221;{}&#8221;][et_pb_column type=&#8221;4_4&#8243; _builder_version=&#8221;4.16&#8243; custom_padding=&#8221;50px|50px|50px|50px&#8221; custom_padding_tablet=&#8221;&#8221; custom_padding_phone=&#8221;&#8221; custom_padding_last_edited=&#8221;on|desktop&#8221; global_colors_info=&#8221;{}&#8221; custom_padding__hover=&#8221;|||&#8221;][et_pb_text admin_label=&#8221;Terminliste&#8221; _builder_version=&#8221;4.27.4&#8243; _module_preset=&#8221;default&#8221; text_font=&#8221;|800|||||||&#8221; text_text_color=&#8221;#ee2e30&#8243; text_font_size=&#8221;20px&#8221; header_text_color=&#8221;#ee2e30&#8243; text_orientation=&#8221;center&#8221; background_layout=&#8221;dark&#8221; custom_padding=&#8221;||30px||false|false&#8221; global_colors_info=&#8221;{}&#8221;]<strong>March 10 &#8211; June 8, 2025 &#8211; Exhibition in the Ratsstube,<br \/>\nDietzenbach<\/strong>[\/et_pb_text][et_pb_text admin_label=&#8221;text&#8221; _builder_version=&#8221;4.27.4&#8243; background_size=&#8221;initial&#8221; background_position=&#8221;top_left&#8221; background_repeat=&#8221;repeat&#8221; text_orientation=&#8221;center&#8221; background_layout=&#8221;dark&#8221; custom_margin=&#8221;||||false|false&#8221; use_border_color=&#8221;off&#8221; border_color=&#8221;#ffffff&#8221; border_style=&#8221;solid&#8221; global_colors_info=&#8221;{}&#8221;]<\/p>\n<p>The celebratory conclusion is a finissage on Friday, June 6, 2025 from 6:30 pm, at which one of her works will be auctioned off for a good cause. Would you like to attend the finissage? We will be happy to reserve a table for you in our restaurant. At the same time, you can support a charitable purpose.<\/p>\n<p><strong>The artist presents her works under the title:<\/strong><br \/><strong>&#8220;Felt Artificiality \u2014 Genuine Humanity&#8221;<\/strong><\/p>\n<p>With her exhibition, Sonja Janson invites visitors to reflect on the deep contradictions and challenges of our time. Her works deal with the effects of pandemics, wars, natural disasters and technological developments. A central message becomes clear: The essence of being human lies in love and the conscious experience of the here and now. The paintings tell of the fragility and strength of humanity, the chaos of the world and the power that dwells within us when we focus on what is essential. In a world often characterized by artificial distance, Sonja Janson reminds us that love &#8211; for ourselves, for each other and for the world &#8211; connects us and gives us the ability to preserve hope, compassion and humanity. This exhibition is an invitation to pause, to feel the beauty of the moment and to rediscover the meaning of love and presence &#8211; especially in a time marked by change and contradictions.<\/p>\n<p>I look forward to seeing you again.<\/p>\n<p>With ARTy greetings<br \/>Sonja Janson<\/p>\n<p>[\/et_pb_text][\/et_pb_column][\/et_pb_row][\/et_pb_section][et_pb_section fb_built=&#8221;1&#8243; custom_padding_last_edited=&#8221;on|desktop&#8221; admin_label=&#8221;Sektion&#8221; _builder_version=&#8221;4.16&#8243; background_color=&#8221;rgba(255,255,255,0)&#8221; custom_padding_tablet=&#8221;50px|0|50px|0&#8243; custom_padding_phone=&#8221;&#8221; transparent_background=&#8221;off&#8221; padding_mobile=&#8221;off&#8221; make_fullwidth=&#8221;off&#8221; use_custom_width=&#8221;off&#8221; width_unit=&#8221;on&#8221; global_colors_info=&#8221;{}&#8221;][et_pb_row admin_label=&#8221;Zeile&#8221; _builder_version=&#8221;4.16&#8243; background_size=&#8221;initial&#8221; background_position=&#8221;top_left&#8221; background_repeat=&#8221;repeat&#8221; custom_padding=&#8221;||0px|&#8221; make_fullwidth=&#8221;off&#8221; use_custom_width=&#8221;off&#8221; width_unit=&#8221;on&#8221; global_colors_info=&#8221;{}&#8221;][et_pb_column type=&#8221;4_4&#8243; _builder_version=&#8221;4.16&#8243; custom_padding=&#8221;|||&#8221; global_colors_info=&#8221;{}&#8221; custom_padding__hover=&#8221;|||&#8221;][et_pb_text admin_label=&#8221;Ausstellungstermine ab 2000&#8243; module_class=&#8221;dots-list&#8221; _builder_version=&#8221;4.17.6&#8243; header_text_align=&#8221;center&#8221; background_size=&#8221;initial&#8221; background_position=&#8221;top_left&#8221; background_repeat=&#8221;repeat&#8221; text_orientation=&#8221;center&#8221; use_border_color=&#8221;off&#8221; border_color=&#8221;#ffffff&#8221; border_style=&#8221;solid&#8221; global_colors_info=&#8221;{}&#8221;]<\/p>\n<h2>EXHIBITION DATES FROM 2000<\/h2>\n<p>[\/et_pb_text][\/et_pb_column][\/et_pb_row][et_pb_row column_structure=&#8221;1_2,1_2&#8243; admin_label=&#8221;Zeile&#8221; _builder_version=&#8221;4.16&#8243; background_size=&#8221;initial&#8221; background_position=&#8221;top_left&#8221; background_repeat=&#8221;repeat&#8221; global_colors_info=&#8221;{}&#8221;][et_pb_column type=&#8221;1_2&#8243; _builder_version=&#8221;4.16&#8243; custom_padding=&#8221;|||&#8221; global_colors_info=&#8221;{}&#8221; custom_padding__hover=&#8221;|||&#8221;][et_pb_text admin_label=&#8221;timeline Einzelausstellungen &#8211; NUR IM HTML MODUS bearbeiten!!!! &#8221; module_class=&#8221;dots-list&#8221; _builder_version=&#8221;4.27.4&#8243; background_size=&#8221;initial&#8221; background_position=&#8221;top_left&#8221; background_repeat=&#8221;repeat&#8221; custom_padding=&#8221;||20px|&#8221; hover_enabled=&#8221;0&#8243; use_border_color=&#8221;off&#8221; border_color=&#8221;#ffffff&#8221; border_style=&#8221;solid&#8221; global_colors_info=&#8221;{}&#8221; sticky_enabled=&#8221;0&#8243;]<strong>Solo exhibitions Sonja Janson<\/strong><\/p>\n<p>&nbsp;<\/p>\n<ol>\n<li><span class=\"date\">2004<\/span>Orthop\u00e4dische Klinik der FAU Erlangen-N\u00fcrnberg Prof. Dr. med. Raimund Forst<\/li>\n<li><span class=\"date\">2005<\/span>Orthop\u00e4dische Klinik der FAU Erlangen-N\u00fcrnberg Prof. Dr. med. Raimund Forst<\/li>\n<li><span class=\"date\">2005<\/span>Hotel Schindlerhof (N\u00fcrnberg)<\/li>\n<li><span class=\"date\">2006<\/span>ZeQ Zentrum f\u00fcr europ\u00e4isches Qualit\u00e4tsmanagement (Mannheim)<\/li>\n<li><span class=\"date\">2007<\/span>Hotel Schindlerhof (N\u00fcrnberg)<\/li>\n<li><span class=\"date\">2008<\/span>Hotel Schindlerhof (N\u00fcrnberg)<\/li>\n<li><span class=\"date\">2009<\/span>Hotel Schindlerhof (N\u00fcrnberg)<\/li>\n<li><span class=\"date\">2015<\/span>Hyundai \/ Delta Automobile Haus (Frankfurt am Main)<\/li>\n<li><span class=\"date\">2016<\/span>Galerie swArt<\/li>\n<li><span class=\"date\">2016<\/span>Hotel ARTrium am Park<\/li>\n<li><span class=\"date\">2016<\/span>Galerie swArt<\/li>\n<li><span class=\"date\">2019<\/span>Kunst in der Ratsstube (Dietzenbach)<\/li>\n<li><span class=\"date\">2020<\/span>Kunst in der Ratsstube (Dietzenbach)<\/li>\n<li><span class=\"date\">2022<\/span>2022 Kunming, China (postponed until further notice &#8211; Corona)<\/li>\n<li><span class=\"date\">2025<\/span>Kunst in der Ratsstube (Dietzenbach)<\/li>\n<\/ol>\n<p>[\/et_pb_text][\/et_pb_column][et_pb_column type=&#8221;1_2&#8243; _builder_version=&#8221;4.16&#8243; custom_padding=&#8221;|||&#8221; global_colors_info=&#8221;{}&#8221; custom_padding__hover=&#8221;|||&#8221;][et_pb_text admin_label=&#8221;timeline Gemeinschaftsausstellungen &#8211; NUR IM HTML MODUS bearbeiten!!!! &#8221; module_class=&#8221;dots-list&#8221; _builder_version=&#8221;4.18.0&#8243; background_size=&#8221;initial&#8221; background_position=&#8221;top_left&#8221; background_repeat=&#8221;repeat&#8221; use_border_color=&#8221;off&#8221; border_color=&#8221;#ffffff&#8221; border_style=&#8221;solid&#8221; global_colors_info=&#8221;{}&#8221;]<\/p>\n<p><strong>Joint exhibitions<\/strong><\/p>\n<p>&nbsp;<\/p>\n<ol>\n<li><span class=\"date\">2009<\/span><a href=\"http:\/\/www.op-online.de\/nachrichten\/dietzenbach\/expressionismus-abstraktem-umzingelt-242485.html\" target=\"_blank\" rel=\"noopener noreferrer\">Expressionismus von Abstraktem umzingelt<\/a><\/li>\n<li><span class=\"date\">2010<\/span><a href=\"http:\/\/www.op-online.de\/nachrichten\/dietzenbach\/filigran-farbenfroh-vertraeumt-720510.html\" target=\"_blank\" rel=\"noopener noreferrer\">Filigran, farbenfroh und vertr\u00e4umt<\/a><\/li>\n<li><span class=\"date\">2011<\/span><a href=\"http:\/\/www.op-online.de\/nachrichten\/dietzenbach\/sprichwort-kunst-capitol-1208666.html\" target=\"_blank\" rel=\"noopener noreferrer\">Sprichwort-Kunst im Capitol<\/a><\/li>\n<li><span class=\"date\">2012<\/span><a href=\"http:\/\/www.op-online.de\/nachrichten\/dietzenbach\/artig-kunsttage-dietzenbach-1668938.html\" target=\"_blank\" rel=\"noopener noreferrer\">Mit dem Pinsel gegen den Wind<\/a><\/li>\n<li><span class=\"date\">2013<\/span><a href=\"http:\/\/www.op-online.de\/lokales\/nachrichten\/dietzenbach\/kunsttage-artig-dietzenbach-2013-2780209.html\" target=\"_blank\" rel=\"noopener noreferrer\">Jede Menge k\u00fcnstlerische K\u00f6pfe<\/a><\/li>\n<li><span class=\"date\">2014<\/span>Kunsttage ARTig<\/li>\n<li><span class=\"date\">2015<\/span>Kunsttage ARTig<\/li>\n<li><span class=\"date\">2016<\/span>Kunsttage ARTig<\/li>\n<li><span class=\"date\">2017<\/span>Kunsttage ARTig<\/li>\n<li><span class=\"date\">2018<\/span>Kunsttage ARTig<\/li>\n<li><span class=\"date\">2019<\/span>Kunsttage ARTig<\/li>\n<li><span class=\"date\">2019<\/span>PROFI AG (Darmstadt)<\/li>\n<li><span class=\"date\">2020<\/span>Kunsttage ARTig (abgesagt)<\/li>\n<li><span class=\"date\">2020<\/span>SWISSartEXPO (Schweiz)<\/li>\n<li><span class=\"date\">2022<\/span>Kunsttage ARTig<\/li>\n<li><span class=\"date\">2023<\/span>Kunsttage ARTig (planned)<\/li>\n<\/ol>\n<p>[\/et_pb_text][\/et_pb_column][\/et_pb_row][\/et_pb_section]<\/p>\n","protected":false},"excerpt":{"rendered":"<p>Current Exhibition DatesMarch 10 &#8211; June 8, 2025 &#8211; Exhibition in the Ratsstube, DietzenbachThe celebratory conclusion is a finissage on Friday, June 6, 2025 from 6:30 pm, at which one of her works will be auctioned off for a good cause. Would you like to attend the finissage? We will be happy to reserve a [&hellip;]<\/p>\n","protected":false},"author":1,"featured_media":0,"parent":0,"menu_order":0,"comment_status":"closed","ping_status":"closed","template":"","meta":{"_et_pb_use_builder":"on","_et_pb_old_content":"","_et_gb_content_width":"","footnotes":""},"class_list":["post-236459","page","type-page","status-publish","hentry"],"aioseo_notices":[],"_links":{"self":[{"href":"https:\/\/www.sonja-janson.de\/en\/wp-json\/wp\/v2\/pages\/236459","targetHints":{"allow":["GET"]}}],"collection":[{"href":"https:\/\/www.sonja-janson.de\/en\/wp-json\/wp\/v2\/pages"}],"about":[{"href":"https:\/\/www.sonja-janson.de\/en\/wp-json\/wp\/v2\/types\/page"}],"author":[{"embeddable":true,"href":"https:\/\/www.sonja-janson.de\/en\/wp-json\/wp\/v2\/users\/1"}],"replies":[{"embeddable":true,"href":"https:\/\/www.sonja-janson.de\/en\/wp-json\/wp\/v2\/comments?post=236459"}],"version-history":[{"count":7,"href":"https:\/\/www.sonja-janson.de\/en\/wp-json\/wp\/v2\/pages\/236459\/revisions"}],"predecessor-version":[{"id":236815,"href":"https:\/\/www.sonja-janson.de\/en\/wp-json\/wp\/v2\/pages\/236459\/revisions\/236815"}],"wp:attachment":[{"href":"https:\/\/www.sonja-janson.de\/en\/wp-json\/wp\/v2\/media?parent=236459"}],"curies":[{"name":"wp","href":"https:\/\/api.w.org\/{rel}","templated":true}]}}

<p>[et_pb_section fb_built=&#8221;1&#8243; custom_padding_last_edited=&#8221;off|desktop&#8221; admin_label=&#8221;termine Sektion&#8221; _builder_version=&#8221;4.16&#8243; background_color=&#8221;#2b2b2b&#8221; parallax=&#8221;on&#8221; custom_padding_tablet=&#8221;50px|0|50px|0&#8243; transparent_background=&#8221;off&#8221; padding_mobile=&#8221;off&#8221; make_fullwidth=&#8221;off&#8221; use_custom_width=&#8221;on&#8221; width_unit=&#8221;on&#8221; global_colors_info=&#8221;{}&#8221;][et_pb_row use_custom_gutter=&#8221;on&#8221; gutter_width=&#8221;1&#8243; padding_mobile=&#8221;off&#8221; column_padding_mobile=&#8221;on&#8221; admin_label=&#8221;row&#8221; _builder_version=&#8221;4.16&#8243; background_size=&#8221;initial&#8221; background_position=&#8221;top_left&#8221; background_repeat=&#8221;repeat&#8221; custom_padding=&#8221;||0px|&#8221; make_fullwidth=&#8221;off&#8221; use_custom_width=&#8221;off&#8221; width_unit=&#8221;on&#8221; global_colors_info=&#8221;{}&#8221;][et_pb_column type=&#8221;4_4&#8243; _builder_version=&#8221;4.16&#8243; custom_padding=&#8221;|||&#8221; global_colors_info=&#8221;{}&#8221; custom_padding__hover=&#8221;|||&#8221;][et_pb_text admin_label=&#8221;Aktuelle Ausstellungstermine&#8221; _builder_version=&#8221;4.17.6&#8243; text_text_color=&#8221;#FFFFFF&#8221; header_text_align=&#8221;center&#8221; header_text_color=&#8221;#FFFFFF&#8221; header_2_text_color=&#8221;#FFFFFF&#8221; background_size=&#8221;initial&#8221; background_position=&#8221;top_left&#8221; background_repeat=&#8221;repeat&#8221; text_orientation=&#8221;center&#8221; use_border_color=&#8221;off&#8221; border_color=&#8221;#ffffff&#8221; border_style=&#8221;solid&#8221; global_colors_info=&#8221;{}&#8221;]</p>
<h1>Current Exhibition Dates</h1>
<p>[/et_pb_text][/et_pb_column][/et_pb_row][et_pb_row use_custom_gutter=&#8221;on&#8221; gutter_width=&#8221;1&#8243; padding_mobile=&#8221;on&#8221; make_equal=&#8221;on&#8221; column_padding_mobile=&#8221;on&#8221; admin_label=&#8221;Zeile&#8221; _builder_version=&#8221;4.16&#8243; background_size=&#8221;initial&#8221; background_position=&#8221;top_left&#8221; background_repeat=&#8221;repeat&#8221; max_width=&#8221;1280&#8243; custom_padding=&#8221;0px|0px|0px|0px&#8221; make_fullwidth=&#8221;off&#8221; use_custom_width=&#8221;on&#8221; width_unit=&#8221;on&#8221; custom_width_px=&#8221;1280&#8243; global_colors_info=&#8221;{}&#8221;][et_pb_column type=&#8221;4_4&#8243; _builder_version=&#8221;4.16&#8243; custom_padding=&#8221;50px|50px|50px|50px&#8221; custom_padding_tablet=&#8221;&#8221; custom_padding_phone=&#8221;&#8221; custom_padding_last_edited=&#8221;on|desktop&#8221; global_colors_info=&#8221;{}&#8221; custom_padding__hover=&#8221;|||&#8221;][et_pb_text admin_label=&#8221;Terminliste&#8221; _builder_version=&#8221;4.27.4&#8243; _module_preset=&#8221;default&#8221; text_font=&#8221;|800|||||||&#8221; text_text_color=&#8221;#ee2e30&#8243; text_font_size=&#8221;20px&#8221; header_text_color=&#8221;#ee2e30&#8243; text_orientation=&#8221;center&#8221; background_layout=&#8221;dark&#8221; custom_padding=&#8221;||30px||false|false&#8221; global_colors_info=&#8221;{}&#8221;]<strong>March 10 &#8211; June 8, 2025 &#8211; Exhibition in the Ratsstube,<br />
Dietzenbach</strong>[/et_pb_text][et_pb_text admin_label=&#8221;text&#8221; _builder_version=&#8221;4.27.4&#8243; background_size=&#8221;initial&#8221; background_position=&#8221;top_left&#8221; background_repeat=&#8221;repeat&#8221; text_orientation=&#8221;center&#8221; background_layout=&#8221;dark&#8221; custom_margin=&#8221;||||false|false&#8221; use_border_color=&#8221;off&#8221; border_color=&#8221;#ffffff&#8221; border_style=&#8221;solid&#8221; global_colors_info=&#8221;{}&#8221;]</p>
<p>The celebratory conclusion is a finissage on Friday, June 6, 2025 from 6:30 pm, at which one of her works will be auctioned off for a good cause. Would you like to attend the finissage? We will be happy to reserve a table for you in our restaurant. At the same time, you can support a charitable purpose.</p>
<p><strong>The artist presents her works under the title:</strong><br /><strong>&#8220;Felt Artificiality — Genuine Humanity&#8221;</strong></p>
<p>With her exhibition, Sonja Janson invites visitors to reflect on the deep contradictions and challenges of our time. Her works deal with the effects of pandemics, wars, natural disasters and technological developments. A central message becomes clear: The essence of being human lies in love and the conscious experience of the here and now. The paintings tell of the fragility and strength of humanity, the chaos of the world and the power that dwells within us when we focus on what is essential. In a world often characterized by artificial distance, Sonja Janson reminds us that love &#8211; for ourselves, for each other and for the world &#8211; connects us and gives us the ability to preserve hope, compassion and humanity. This exhibition is an invitation to pause, to feel the beauty of the moment and to rediscover the meaning of love and presence &#8211; especially in a time marked by change and contradictions.</p>
<p>I look forward to seeing you again.</p>
<p>With ARTy greetings<br />Sonja Janson</p>
<p>[/et_pb_text][/et_pb_column][/et_pb_row][/et_pb_section][et_pb_section fb_built=&#8221;1&#8243; custom_padding_last_edited=&#8221;on|desktop&#8221; admin_label=&#8221;Sektion&#8221; _builder_version=&#8221;4.16&#8243; background_color=&#8221;rgba(255,255,255,0)&#8221; custom_padding_tablet=&#8221;50px|0|50px|0&#8243; custom_padding_phone=&#8221;&#8221; transparent_background=&#8221;off&#8221; padding_mobile=&#8221;off&#8221; make_fullwidth=&#8221;off&#8221; use_custom_width=&#8221;off&#8221; width_unit=&#8221;on&#8221; global_colors_info=&#8221;{}&#8221;][et_pb_row admin_label=&#8221;Zeile&#8221; _builder_version=&#8221;4.16&#8243; background_size=&#8221;initial&#8221; background_position=&#8221;top_left&#8221; background_repeat=&#8221;repeat&#8221; custom_padding=&#8221;||0px|&#8221; make_fullwidth=&#8221;off&#8221; use_custom_width=&#8221;off&#8221; width_unit=&#8221;on&#8221; global_colors_info=&#8221;{}&#8221;][et_pb_column type=&#8221;4_4&#8243; _builder_version=&#8221;4.16&#8243; custom_padding=&#8221;|||&#8221; global_colors_info=&#8221;{}&#8221; custom_padding__hover=&#8221;|||&#8221;][et_pb_text admin_label=&#8221;Ausstellungstermine ab 2000&#8243; module_class=&#8221;dots-list&#8221; _builder_version=&#8221;4.17.6&#8243; header_text_align=&#8221;center&#8221; background_size=&#8221;initial&#8221; background_position=&#8221;top_left&#8221; background_repeat=&#8221;repeat&#8221; text_orientation=&#8221;center&#8221; use_border_color=&#8221;off&#8221; border_color=&#8221;#ffffff&#8221; border_style=&#8221;solid&#8221; global_colors_info=&#8221;{}&#8221;]</p>
<h2>EXHIBITION DATES FROM 2000</h2>
<p>[/et_pb_text][/et_pb_column][/et_pb_row][et_pb_row column_structure=&#8221;1_2,1_2&#8243; admin_label=&#8221;Zeile&#8221; _builder_version=&#8221;4.16&#8243; background_size=&#8221;initial&#8221; background_position=&#8221;top_left&#8221; background_repeat=&#8221;repeat&#8221; global_colors_info=&#8221;{}&#8221;][et_pb_column type=&#8221;1_2&#8243; _builder_version=&#8221;4.16&#8243; custom_padding=&#8221;|||&#8221; global_colors_info=&#8221;{}&#8221; custom_padding__hover=&#8221;|||&#8221;][et_pb_text admin_label=&#8221;timeline Einzelausstellungen &#8211; NUR IM HTML MODUS bearbeiten!!!! &#8221; module_class=&#8221;dots-list&#8221; _builder_version=&#8221;4.27.4&#8243; background_size=&#8221;initial&#8221; background_position=&#8221;top_left&#8221; background_repeat=&#8221;repeat&#8221; custom_padding=&#8221;||20px|&#8221; hover_enabled=&#8221;0&#8243; use_border_color=&#8221;off&#8221; border_color=&#8221;#ffffff&#8221; border_style=&#8221;solid&#8221; global_colors_info=&#8221;{}&#8221; sticky_enabled=&#8221;0&#8243;]<strong>Solo exhibitions Sonja Janson</strong></p>
<p>&nbsp;</p>
<ol>
<li><span class="date">2004</span>Orthopädische Klinik der FAU Erlangen-Nürnberg Prof. Dr. med. Raimund Forst</li>
<li><span class="date">2005</span>Orthopädische Klinik der FAU Erlangen-Nürnberg Prof. Dr. med. Raimund Forst</li>
<li><span class="date">2005</span>Hotel Schindlerhof (Nürnberg)</li>
<li><span class="date">2006</span>ZeQ Zentrum für europäisches Qualitätsmanagement (Mannheim)</li>
<li><span class="date">2007</span>Hotel Schindlerhof (Nürnberg)</li>
<li><span class="date">2008</span>Hotel Schindlerhof (Nürnberg)</li>
<li><span class="date">2009</span>Hotel Schindlerhof (Nürnberg)</li>
<li><span class="date">2015</span>Hyundai / Delta Automobile Haus (Frankfurt am Main)</li>
<li><span class="date">2016</span>Galerie swArt</li>
<li><span class="date">2016</span>Hotel ARTrium am Park</li>
<li><span class="date">2016</span>Galerie swArt</li>
<li><span class="date">2019</span>Kunst in der Ratsstube (Dietzenbach)</li>
<li><span class="date">2020</span>Kunst in der Ratsstube (Dietzenbach)</li>
<li><span class="date">2022</span>2022 Kunming, China (postponed until further notice &#8211; Corona)</li>
<li><span class="date">2025</span>Kunst in der Ratsstube (Dietzenbach)</li>
</ol>
<p>[/et_pb_text][/et_pb_column][et_pb_column type=&#8221;1_2&#8243; _builder_version=&#8221;4.16&#8243; custom_padding=&#8221;|||&#8221; global_colors_info=&#8221;{}&#8221; custom_padding__hover=&#8221;|||&#8221;][et_pb_text admin_label=&#8221;timeline Gemeinschaftsausstellungen &#8211; NUR IM HTML MODUS bearbeiten!!!! &#8221; module_class=&#8221;dots-list&#8221; _builder_version=&#8221;4.18.0&#8243; background_size=&#8221;initial&#8221; background_position=&#8221;top_left&#8221; background_repeat=&#8221;repeat&#8221; use_border_color=&#8221;off&#8221; border_color=&#8221;#ffffff&#8221; border_style=&#8221;solid&#8221; global_colors_info=&#8221;{}&#8221;]</p>
<p><strong>Joint exhibitions</strong></p>
<p>&nbsp;</p>
<ol>
<li><span class="date">2009</span><a href="http://www.op-online.de/nachrichten/dietzenbach/expressionismus-abstraktem-umzingelt-242485.html" target="_blank" rel="noopener noreferrer">Expressionismus von Abstraktem umzingelt</a></li>
<li><span class="date">2010</span><a href="http://www.op-online.de/nachrichten/dietzenbach/filigran-farbenfroh-vertraeumt-720510.html" target="_blank" rel="noopener noreferrer">Filigran, farbenfroh und verträumt</a></li>
<li><span class="date">2011</span><a href="http://www.op-online.de/nachrichten/dietzenbach/sprichwort-kunst-capitol-1208666.html" target="_blank" rel="noopener noreferrer">Sprichwort-Kunst im Capitol</a></li>
<li><span class="date">2012</span><a href="http://www.op-online.de/nachrichten/dietzenbach/artig-kunsttage-dietzenbach-1668938.html" target="_blank" rel="noopener noreferrer">Mit dem Pinsel gegen den Wind</a></li>
<li><span class="date">2013</span><a href="http://www.op-online.de/lokales/nachrichten/dietzenbach/kunsttage-artig-dietzenbach-2013-2780209.html" target="_blank" rel="noopener noreferrer">Jede Menge künstlerische Köpfe</a></li>
<li><span class="date">2014</span>Kunsttage ARTig</li>
<li><span class="date">2015</span>Kunsttage ARTig</li>
<li><span class="date">2016</span>Kunsttage ARTig</li>
<li><span class="date">2017</span>Kunsttage ARTig</li>
<li><span class="date">2018</span>Kunsttage ARTig</li>
<li><span class="date">2019</span>Kunsttage ARTig</li>
<li><span class="date">2019</span>PROFI AG (Darmstadt)</li>
<li><span class="date">2020</span>Kunsttage ARTig (abgesagt)</li>
<li><span class="date">2020</span>SWISSartEXPO (Schweiz)</li>
<li><span class="date">2022</span>Kunsttage ARTig</li>
<li><span class="date">2023</span>Kunsttage ARTig (planned)</li>
</ol>
<p>[/et_pb_text][/et_pb_column][/et_pb_row][/et_pb_section]</p>
